e?
False
Is 26099 composite?
False
Is 18719 prime?
True
Is 34311 a composite number?
True
Is 374023 a composite number?
True
Is 28339 prime?
False
Is 186551 composite?
False
Is 2743 a prime number?
False
Is 1430399 composite?
True
Is 3439 a composite number?
True
Is 2641373 a composite number?
True
Is 38011 composite?
False
Is 31451 prime?
False
Is 11777 a composite number?
False
Is 81707 composite?
False
Is 55967 composite?
False
Is 107443 prime?
False
Is 67451 composite?
True
Is 3053 a prime number?
False
Is 99961 prime?
True
Is 710966 prime?
False
Is 85205 a composite number?
True
Is 306701 a composite number?
False
Is 5919 a composite number?
True
Is 15817 a composite number?
False
Is 56102 prime?
False
Is 1742497 a prime number?
True
Is 40231 prime?
True
Is 4547 a composite number?
False
Is 177913 a prime number?
True
Is 52645 a prime number?
False
Is 3163 composite?
False
Is 2059 prime?
False
Is 123911 a composite number?
False
Is 16999 a prime number?
False
Is 61781 a composite number?
False
Is 127947 a prime number?
False
Is 4222943 a prime number?
False
Is 841 a composite number?
True
Is 135241 a prime number?
True
Is 10937 prime?
True
Is 83041 a prime number?
False
Is 767909 prime?
True
Is 231197 composite?
False
Is 3511381 composite?
True
Is 203549 prime?
True
Is 3677633 prime?
True
Is 2813 composite?
True
Is 21803 prime?
True
Is 455021 a composite number?
True
Is 178361 a composite number?
False
Is 52147 a prime number?
True
Is 2081 a composite number?
False
Is 42923 prime?
True
Is 45937 composite?
True
Is 347237 composite?
True
Is 48341 a composite number?
False
Is 19289 prime?
True
Is 4222 a prime number?
False
Is 2237 prime?
True
Is 66169 a prime number?
True
Is 380469 prime?
False
Is 339997 a composite number?
True
Is 5581 a prime number?
True
Is 84613 a composite number?
True
Is 72521 a prime number?
False
Is 2099 prime?
True
Is 35753 prime?
True
Is 8359 prime?
False
Is 1192327 a prime number?
True
Is 66295 composite?
True
Is 106143 a composite number?
True
Is 363989 prime?
True
Is 14041 a prime number?
False
Is 181249 a composite number?
True
Is 7663 a composite number?
True
Is 69837 a composite number?
True
Is 18137 composite?
True
Is 5113 composite?
False
Is 348671 composite?
False
Is 1687531 prime?
True
Is 22339 a composite number?
True
Is 2333 prime?
True
Is 75467 a composite number?
True
Is 392897 a composite number?
True
Is 63967 composite?
True
Is 10589 a composite number?
False
Is 63647 a prime number?
True
Is 8861 prime?
True
Is 1728809 prime?
True
Is 28739 composite?
True
Is 79451 a prime number?
True
Is 318103 a composite number?
False
Is 7171 a prime number?
False
Is 1336081 composite?
True
Is 8661 prime?
False
Is 13901 prime?
True
Is 9767 a composite number?
False
Is 894191 a prime number?
True
Is 18301 a prime number?
True
Is 182021 a prime number?
False
Is 3691 a prime number?
True
Is 172015 prime?
False
Is 476921 prime?
True
Is 731851 a prime number?
True
Is 4051121 a prime number?
True
Is 58358 a composite number?
True
Is 732491 prime?
True
Is 645001 prime?
False
Is 438601 a composite number?
False
Is 10167 a prime number?
False
Is 11731019 a prime number?
True
Is 962903 composite?
False
Is 797743 prime?
True
Is 73181 composite?
False
Is 79271 a composite number?
True
Is 1528171 prime?
True
Is 159157 composite?
False
Is 685 a prime number?
False
Is 283111 prime?
True
Is 47811 composite?
True
Is 24074 prime?
False
Is 774997 a prime number?
True
Is 389269 composite?
False
Is 17443 a composite number?
False
Is 12743 a composite number?
False
Is 5623 composite?
False
Is 471041 a composite number?
False
Is 812494 composite?
True
Is 4127 a prime number?
True
Is 20141 prime?
False
Is 434501 a composite number?
False
Is 70529 prime?
True
Is 10097 a prime number?
False
Is 47911 a composite number?
False
Is 440977 composite?
True
Is 1009 composite?
False
Is 168499 a prime number?
True
Is 25217 a composite number?
True
Is 278105 a composite number?
True
Is 484637 a prime number?
False
Is 524287 a prime number?
True
Is 161831 a prime number?
True
Is 7669 prime?
True
Is 39891 composite?
True
Is 332689 a composite number?
True
Is 1759 a composite number?
False
Is 5401 a prime number?
False
Is 595865 a prime number?
False
Is 245407 a composite number?
False
Is 32105 composite?
True
Is 138995 a composite number?
True
Is 297949 prime?
False
Is 869 composite?
True
Is 15191 composite?
True
Is 56177 composite?
True
Is 680309 a prime number?
False
Is 864329 a composite number?
True
Is 134791 a composite number?
True
Is 34027 a prime number?
False
Is 1229707 a prime number?
True
Is 3065879 a composite number?
True
Is 176261 composite?
False
Is 3719 composite?
False
Is 1281211 a prime number?
True
Is 47059 prime?
True
Is 590713 composite?
False
Is 57037 a prime number?
True
Is 868853 a composite number?
True
Is 175229 composite?
False
Is 19523 composite?
True
Is 12651 prime?
False
Is 77929 a composite number?
False
Is 34061 composite?
False
Is 361409 a composite number?
False
Is 659 composite?
False
Is 68977 composite?
True
Is 390554 a composite number?
True
Is 17521 composite?
True
Is 43481 prime?
True
Is 8882 composite?
True
Is 158266 composite?
True
Is 307511 a composite number?
False
Is 4597 a composite number?
False
Is 411223 prime?
False
Is 65733 prime?
False
Is 59861 prime?
False
Is 57367 a prime number?
True
Is 55477 a composite number?
True
Is 72577 a composite number?
False
Is 12479 a composite number?
False
Is 547007 a composite number?
False
Is 466603 prime?
True
Is 4969 composite?
False
Is 145949 a composite number?
False
Is 30467 a prime number?
True
Is 76093 a composite number?
True
Is 72139 prime?
True
Is 5381 composite?
False
Is 1461847 prime?
False
Is 613691 composite?
True
Is 340723 a prime number?
True
Is 164383 a prime number?
False
Is 457009 composite?
True
Is 18021 a composite number?
True
Is 29621 a prime number?
False
Is 709523 a prime number?
False
Is 6991 a prime number?
True
Is 11579 prime?
True
Is 487 a prime number?
True
Is 10102 composite?
True
Is 79517 a prime number?
False
Is 70891 prime?
True
Is 158857 a composite number?
True
Is 29285 composite?
True
Is 116301 a prime number?
False
Is 328007 composite?
False
Is 44381 a composite number?
False
Is 178355 prime?
False
Is 32107 a composite number?
True
Is 45361 prime?
True
Is 79 a prime number?
True
Is 1788727 a prime number?
True
Is 45283 composite?
True
Is 78509 a composite number?
False
Is 35753 a prime number?
True
Is 50419 composite?
True
Is 936933 a prime number?
False
Is 463093 composite?
False
Is 3589 composite?
True
Is 42934 a composite number?
True
Is 251269 prime?
False
Is 20597 a prime number?
False
Is 4547 composite?
False
Is 29335 prime?
False
Is 195395 a prime number?
False
Is 338587 a prime number?
False
Is 344717 composite?
True
Is 24587 a composite number?
True
Is 82447 composite?
True
Is 42943 a prime number?
True
Is 63003 a composite number?
True
Is 351121 a composite number?
False
Is 29611 prime?
True
Is 1044883 a prime number?
False
Is 6779 prime?
True
Is 256007 a composite number?
True
Is 64131 a prime number?
False
Is 44741 composite?
False
Is 6245 a composite number?
True
Is 1826477 a composite number?
False
Is 112831 a prime number?
True
Is 6673 a composite number?
False
Is 16085 a prime number?
False
Is 35729 a composite number?
False
Is 4513 composite?
False
Is 483367 a prime number?
True
Is 16427 prime?
True
Is 1853 a composite number?
True
Is 129041 composite?
True
Is 126541 a composite number?
False
Is 1459 a prime number?
True
Is 358633 a prime number?
False
Is 112187 a prime number?
False
Is 2057635 a composite number?
True
Is 33481 a composite number?
True
Is 33403 a composite number?
False
Is 1061441 a composite number?
False
Is 2179 composite?
False
Is 11589 prime?
False
Is 427055 a prime number?
False
Is 760993 composite?
False
Is 51071 composite?
False
Is 1255 a prime number?
False
Is 2159 a prime number?
False
Is 716087 prime?
True
Is 8459 prime?
False
Is 34737 a prime number?
False
Is 33833 a prime number?
False
Is 73771 a composite number?
False
Is 197609 prime?
True
Is 399397 a prime number?
False
Is 99233 a composite number?
False
Is 510811 prime?
False
Is 5261 composite?
False
Is 10495 a prime number?
F